common factor of 123 and d?
41
Let l = -11 + -13. Let d be (4/6)/1 - 6560/l. Suppose 2*n + d = 4*o, 5*n - 2*n + 213 = 3*o. What is the greatest common divisor of 44 and o?
22
Suppose 9*n - 8*n = 0. Suppose c - 4*c = -j + 6, n = -2*c + 4. Let y be 640/j + (-8)/60*-5. Calculate the greatest common factor of 36 and y.
18
Let r be 4/3 - 55/165. Suppose a - 23 + r = 0. What is the greatest common divisor of a and 594?
22
Suppose -2*k = -8, -2*p + 609 = k - 1237. Calculate the greatest common factor of 3 and p.
3
Suppose 2*c = -8*c + 3450. Suppose -183 = -8*b + c. Calculate the greatest common divisor of b and 55.
11
Suppose -5*p + 419*y = 417*y - 13785, -5*p - 2*y = -13805. What is the greatest common factor of p and 31?
31
Let d be -356*(34/221 - 141/156). What is the greatest common factor of d and 6?
3
Let h be 7 - (-2 - -5) - 4. Suppose h = 4*w + 18 - 82. Let m(x) = 25*x + 13. Let k be m(3). What is the greatest common divisor of k and w?
8
Suppose 0 = 2*o - 4, -8*o + 11*o = 5*p - 99839. What is the highest common divisor of 19 and p?
19
Let s = -609 + -448. Let z = 1481 + s. What is the greatest common factor of z and 53?
53
Suppose 0 = -28*d + 89 - 33. Suppose a - 3*c = -0*c + 940, -d*c + 2831 = 3*a. What is the greatest common divisor of 23 and a?
23
Let j(f) = 3*f + 15. Let m(y) = -y**2 + y + 10. Let g be m(3). Suppose -59*a - g = -58*a. Let c be j(a). What is the highest common factor of c and 27?
3
Let h be 2/10 + 1164/30. Let k be (3/9)/(5/60*-1). Let m = 7 + k. What is the greatest common divisor of h and m?
3
Let g be ((-9)/5)/((-42)/(-140)). Let t(d) = -62*d - 48. Let w be t(g). Calculate the greatest common factor of 36 and w.
36
Let v = 61 + 19. Let d(s) = -11*s - 345. Let m be d(-32). Suppose m*g = 6*g + v. Calculate the highest common divisor of 32 and g.
16
Suppose 2*h + 3*a = 1, -5*a - 3 = h - 0*h. Suppose h*q + z - 324 - 345 = 0, 1695 = 5*q - 5*z. Calculate the highest common divisor of 14 and q.
14
Suppose -1764 = -4*w - j, 5*w = -57*j + 58*j + 2205. Calculate the greatest common factor of 196 and w.
49
Suppose 47*y - 8 = 45*y. Suppose 2*u = 8, -y*d + 178 = 3*u - 854. Calculate the greatest common factor of d and 15.
15
Let w be ((-693)/105)/(9/(-180)*2). Calculate the highest common factor of w and 294.
6
Suppose -46*d = -47*d + 73. Let h = 27 + d. What is the greatest common divisor of h and 20?
20
Let m be (64/20)/(36/80100). Calculate the highest common divisor of m and 89.
89
Suppose 1275 = 4*a - 624*l + 619*l, 4*l - 324 = -a. What is the greatest common divisor of a and 5840?
80
Let v be (-4 - -4) + 4*4. Let u = 8 + 3. Suppose 0 = b + u*b - 24. What is the greatest common divisor of v and b?
2
Let j be (-3)/((-63)/(-6)) - (-17)/(1904/15264). What is the greatest common factor of j and 731?
17
Let z(p) = -p**3 - 11*p**2 - 26*p - 12. Let d be z(-8). Let v be 5*183 + (-12)/d + 0. Suppose -5*m = -393 - v. What is the highest common divisor of m and 29?
29
Let z(h) = -5*h - 24. Let g be z(-5). Let m be g - 10/12 - (-2198)/(-84). Let k be 4/(-26) - 134/m. What is the highest common divisor of k and 55?
5
Let s be (-6)/8 - (4131/(-68) + -3). What is the highest common divisor of 6363 and s?
63
Let o(i) = i**2 - i + 1. Let z be o(1). Let x be 18/144 + 7/8 - 3. Let q be 12/24 - 5/x. What is the highest common factor of z and q?
1
Let p = -35 - -38. Suppose -p*s - 3*a + 0*a - 9 = 0, 0 = -5*s - a + 1. Let y be ((-1)/(-3))/s + 280/15. Calculate the highest common factor of 57 and y.
19
Let k(q) = 4*q + 32. Let i(r) = r + 2. Let w be i(-2). Suppose w = -g - 53 + 48. Let a be k(g). What is the greatest common factor of 12 and a?
12
Let c(f) = f + 9. Let q be c(-8). Let r(j) = 19*j**2 + 22*j + 46. Let p be r(-3). Let v be p + 14 - (q - 1). What is the highest common divisor of 66 and v?
33
Let u(a) = -2*a**3 - 2*a**2 + 3*a - 10. Let s be (-40)/(-25) + -2 + 39/(-15). Let f be u(s). Calculate the highest common divisor of 969 and f.
17
Suppose -2*y - 3*z = -3*y - 1423, -4*z + 7060 = -5*y. Let f = -880 - y. What is the greatest common factor of f and 33?
33
Let d = 426 + -391. Suppose 0*y + 5 = y, 3*s = 2*y + 20. What is the highest common factor of s and d?
5
Let f(b) = -4*b. Let z(i) = 14*i - 89. Let v(p) = 4*f(p) - z(p). Let u be v(-4). What is the greatest common divisor of 11 and u?
11
Let m = -23 + 27. Let p be -41 - 1/((-4)/m). Let b be 283/5 - (-24)/p. Calculate the greatest common divisor of 140 and b.
28
Suppose -z + 5*q + 1 = 0, -2*z + 49 = 2*z - 5*q. What is the greatest common factor of 9168 and z?
16
Let v = 13347 - 12398. Calculate the highest common divisor of 65 and v.
13
Let f be -2*(26/48)/((-1)/9)*4. What is the greatest common divisor of 3198 and f?
39
Let i = 92121 - 92049. Let k(m) = 3*m**2 - 5*m + 4. Let g be k(3). Calculate the highest common divisor of i and g.
8
Suppose 7 = -a - 2*b - 0, -a + 4*b = 1. Let d be a/(-15)*33*4. What is the highest common divisor of 55 and d?
11
Let h be (0 - 244/(-7)) + (-8)/(-56). What is the greatest common factor of h and 65?
5
Suppose 0*z - 3*z - 4*m + 77 = 0, 25 = 5*m. Calculate the highest common divisor of z and 779.
19
Let s = 337 + -304. Suppose s + 2 = 5*n. Calculate the highest common divisor of n and 504.
7
Let x be -5*(2/1 - 3). Suppose -x*v - 119 = -3*w, -3*w + 6*w + 2*v - 133 = 0. What is the highest common divisor of 301 and w?
43
Let r = 6182 + -5653. What is the highest common divisor of r and 207?
23
Let d(a) = 2*a**3 - 2*a**2 - 83*a + 243. Let h be d(3). Calculate the highest common divisor of 6870 and h.
30
Let k be 7/(-2)*1*(-18)/21. Suppose t + x = 0, -2*x + 1 = k. Let f be (3 + -4)*(-5 + t). Calculate the highest common factor of f and 12.
4
Let a(p) = 531*p**3 + 10*p + 11 - 6*p**2 - 532*p**3 + 10. Let h be a(-7). Suppose h = -3*x - 0 + 84. Calculate the greatest common divisor of 14 and x.
14
Suppose 2*k + 334 = 1294. Let m be (9/5)/(78/520). Calculate the greatest common factor of k and m.
12
Suppose -3*c - 6 = -6*c, 0 = 4*k - 5*c - 1958. Suppose -168 = -355*x + 341*x. Calculate the highest common factor of x and k.
12
Let i = 77 + -55. Suppose -2*w = -l + 66, 0*l + 264 = 4*l - 2*w. What is the highest common factor of l and i?
22
Suppose 1872 = -6*p + 7410. Let a = p - 895. What is the highest common divisor of 21 and a?
7
Suppose 0 = 3*i + 4*s - 36, -136 + 50 = -5*i + 2*s. Calculate the greatest common factor of i and 98.
2
Suppose -3 = 4*a - 3*n, -a + 9*n - 14*n + 28 = 0. Let g = -15 + 14. Let j be 105/(-25)*g*5. Calculate the highest common divisor of a and j.
3
Suppose 202*n + 3*n - 4227 = 17913. Calculate the highest common factor of n and 9126.
54
Let o(u) = 8*u**3 - 4*u**2 + 4*u - 3. Let x be o(2). Suppose 6*j + x = 5. Let z = j + 26. What is the greatest common factor of z and 3?
3
Let v(u) = 10*u - 172. Let b be v(37). Let r = b - 121. Calculate the highest common factor of r and 55.
11
Suppose 26*j + 4192 = 30*j + 4*u, 2076 = 2*j - 3*u. Calculate the highest common divisor of j and 252.
36
Suppose 9*t - 7*t + 2*k - 58 = 0, 0 = 5*t + 7*k - 139. Calculate the highest common factor of 8368 and t.
16
Let d be (((-5)/1)/10)/((-572)/(-576) - 1). Calculate the greatest common factor of d and 152.
8
Let m(d) = 81*d - 2191. Let n be m(35). Let k(o) = 27*o**3 + o**2 + o - 1. Let z be k(1). What is the highest common factor of n and z?
28
Let o(l) = l**3 - 24*l**2 - l + 21. Let x be o(24). Let c be (-6)/8 + 12861/12 + x. Let m = c - 663. Calculate the highest common divisor of 45 and m.
45
Suppose 12363 = 5*l - 3*r, 0 = -3*r + 109 - 112. Calculate the greatest common factor of l and 48.
24
Let z(o) = -o**3 - 23*o**2 - 25*o - 47. Let t be z(-22). Suppose 0 = 5*x + 5 - 20, -5*x = q - t. Calculate the greatest common factor of 3 and q.
1
Let q = 61 + -58. Let i(a) = -a**3 + 6*a**2 + a + 6. Let v be i(q). What is the highest common divisor of 54 and v?
18
Let a = -292 - -298. Suppose 0 = 2*w + 4*d - 16, -w + 3*d = -4 + a. Calculate the highest common divisor of 22 and w.
2
Suppose 28*l - 285 = 9*l. Let c(y) = 40*y - 173. Let b be c(l). What is the greatest common factor of 61 and b?
61
Let w(t) = -38*t + 41*t - 9 - 17. Let z be w(6). Let m be z/(-2) + 46 + 1. What is the greatest common factor of m and 34?
17
Let u = -5541 + 5847. Suppose 2*i - 3*i + 17 = 